**3 - 8*v**2 + 4*v + 8. Suppose j + 44 = -5*i, 0 = -2*i - 4*j - 1 - 31. Determine n(i).
-24
Let u(v) = 29*v + 3. Let y(t) = 14*t + 1. Let r be (3/(-2))/((-9)/48). Suppose r = -16*k + 12*k. Let w(o) = k*u(o) + 5*y(o). What is w(-1)?
-13
Let h(n) be the second derivative of -n**3/2 + 11*n**2/2 - 2*n - 46. Give h(12).
-25
Suppose -4*r - 24 = -8. Let x(l) = l**3 + 4*l**2 - l - 1. Determine x(r).
3
Let s(w) = w + 6. Let u be s(-4). Let j be ((-30)/(3/(-1)))/u. Suppose -4*f + j*d = 6, 10 = -d + 6*d. Let l(c) = -6*c**3 + c**2 - c + 1. Give l(f).
-5
Let h be ((-8)/28)/((-6)/(-126)). Let w(r) = -2*r**2 - 7*r - 5. Calculate w(h).
-35
Let n(f) = f**3 - 3*f**2 - 3*f - 5. Let z be n(4). Let o(b) = 3*b - 1 - 17*b + 13*b + 7*b**2 - b. Calculate o(z).
8
Let w(i) be the first derivative of i - 3/2*i**2 - 1/6*i**4 + 1/2*i**3 - 1. Let f(k) be the first derivative of w(k). Calculate f(2).
-5
Let k(l) = -6*l**3 + l**2 - l + 1. Let x(t) = -3*t**2 + 2*t**2 - 25 + 4*t - 19*t. Let o be x(-13). Calculate k(o).
-5
Let n(g) be the first derivative of g**2/2 - 14*g - 13. What is n(6)?
-8
Let m(h) = 2*h**2 + 5*h + 3. Suppose -40*s + 18 = -46*s. Determine m(s).
6
Suppose -5*f - 18 = -4*z, z - 9 - 3 = 5*f. Let q(r) = -2 - z + 0*r - 3*r. Let a(h) = -h. Let n(p) = -4*a(p) + q(p). Calculate n(0).
-4
Let v(u) be the second derivative of u**4/6 + u**3/3 + 56*u. Suppose 0 = -5*y - 2*h - 0 - 9, 2*y - 2*h = -12. What is v(y)?
12
Suppose 2*j = 3*n + 4 + 13, 5*n + 2*j = -7. Let p(v) be the first derivative of 3*v**2 - 3 - 4*v + 3 - 6 - 4*v**2. What is p(n)?
2
Let i(g) = -g**2 + 235*g**3 - 107*g**3 - 122*g**3 - 2 + 3. Let q(h) = -h**3 - 4*h**2 - 2. Let n be q(-4). Let l = n + 1. Give i(l).
-6
Let t(u) be the third derivative of -u**6/120 + 11*u**5/60 - 17*u**4/24 - 3*u**3/2 - 184*u**2. Calculate t(9).
0
Suppose -2*x + 36 = 7*x. Let i(p) = x*p + 2*p - p. Let d be -2*(0 + 2/4). Give i(d).
-5
Let l(v) be the second derivative of 9/2*v**2 - v - 1/6*v**3 + 0. Calculate l(0).
9
Let j(h) = -7*h + 76. Let w = -449 - -460. What is j(w)?
-1
Let o(n) = 3*n - 28. Suppose 63 = 5*w + 2*d - 1, 5*w - 2*d - 76 = 0. Determine o(w).
14
Suppose 17*b - 4*a = 15*b - 16, -8 = -5*b - 2*a. Let l(c) be the second derivative of 1/2*c**3 + 5*c + b*c**2 + 1/12*c**4 + 0. Calculate l(-3).
0
Let g(t) = -t**3 - 6*t**2 - 5*t + 6. Let h(y) = -y**2 - 13*y + 43. Let m be h(-16). Let z be g(m). Let n(b) = -b - 4. Determine n(z).
-10
Let j be 2*(55/(-10) + 6) - -4. Let n(o) be the third derivative of o**5/60 - 5*o**4/24 - 5*o**3/6 + o**2. Let s be n(j). Let f(b) = -2*b - 4. Calculate f(s).
6
Let p(q) be the third derivative of q**5/60 + q**4/2 + 5*q**3/6 - 22*q**2. Calculate p(-11).
-6
Let x(k) = -k**2 - 5*k - 1. Suppose 5*p = -3 - 22. Let y be p/20 + 42/8. Suppose y*g = 3*g - 12. Give x(g).
-7
Suppose -5*t - 2*a = 34, 0 = 5*a + 10 - 0. Let h(v) = -1205 - 2*v**2 - 7*v + 0*v + 1206. Determine h(t).
-29
Let p(x) = -2*x + 1. Let o be (-44)/33*(-18)/(-4). Let b be 4/o*-6 - 2. Suppose b*q - 4 = -0. What is p(q)?
-3
Let w(u) be the first derivative of -1/2*u**2 - 2*u + 35. Give w(10).
-12
Let f(j) = -j**3 - 5*j**2 - 4*j + 5. Let x be (-6)/12 + 56/(-16). Determine f(x).
5
Let d(r) = r**3 + 5*r**2 + 2*r + 5. Let h = -214 + 210. Give d(h).
13
Let h(u) = 7 - 2 - u**2 + 2 - 8. What is h(-3)?
-10
Suppose -25*h = -22*h - 6. Suppose 5*b = 4*a - 2*a - 17, -1 = 5*a + h*b. Let m(i) = i - 1. Determine m(a).
0
Let q be 0*4/8*-1. Suppose -3*p + 4*f + 14 = 0, q*p - 5*f = -4*p + 18. Suppose p + 2 = 4*o. Let r(j) = -2*j**3 - 2*j**2 + 1. Determine r(o).
-3
Let d(x) = -x**3 + 4*x**2 - 4*x + 3. Suppose 0*m - 164 = 4*m - 2*i, 0 = 2*m - 5*i + 98. Let n be m/(-12) + 2/(-8). Give d(n).
0
Suppose 0 = -3*q + 5*p + 95, 5*q - 147 = -0*q - 3*p. Let v be ((-36)/10)/((-12)/q). Let m(i) = 8*i**2 - 5*i - 4 - v*i**2 - 2 + 3. What is m(-4)?
1
Let k(i) be the first derivative of -i**3/3 - 4*i**2 + 3*i - 177. Let g(o) = 5*o + 2. Let a be g(-2). Calculate k(a).
3
Let k(w) = -34*w - 3. Let c(m) = 17*m + 2. Let i(b) = 7*c(b) + 4*k(b). Give i(-2).
36
Let l(g) = 3*g**2 - 9*g**3 - 4 - 5*g + 6*g**2 + 3*g + 8*g**3. What is l(9)?
-22
Suppose -10 - 35 = 5*t. Let h(m) = 9*m**3 + 27*m**2 + 16*m - 31. Let l(y) = -4*y**3 - 13*y**2 - 8*y + 15. Let r(p) = -3*h(p) - 7*l(p). Determine r(t).
-3
Suppose 3*a - j = -5 + 62, -3*a = -3*j - 57. Let d(h) = -15*h**2 - 1 - a*h**2 + 32*h**2 + 0*h + 2*h. Let n be (-3)/(-2)*(-4)/(-3). Give d(n).
-5
Suppose -8*d + 3*d - 25 = 0. Let r(q) be the first derivative of 2*q + 7 + 1/4*q**4 + 5/3*q**3 - 1/2*q**2. Give r(d).
7
Let l(w) = -w**3 + 4*w**2 + 3*w - 1. Let x(n) = -n**3 + 3*n**2 + 2*n. Let h(b) = 3*l(b) - 4*x(b). Let m be 12*3*(-1)/(-6). Suppose -2*g = -m*g. Give h(g).
-3
Let l(b) = 5*b + 0*b**2 - 4 + b**2 - 2. Let r be (-368)/(-36) - (-2)/(-9). Suppose 3*k + o + 7 + 7 = 0, 3*k + 5*o = -r. Give l(k).
-6
Suppose 0 = -0*o - o + 4*y + 38, 2*y = -5*o + 80. Let z = -29 + 14. Let f = z + o. Let j(w) = -2*w + 2. Calculate j(f).
-4
Suppose -5*g - 12 = o - 3*o, 3*g - o = -8. Let v(x) = -3*x**3 + 2*x**2 + 7*x + 1. Let z(b) = 4*b**3 - b**2 - 7*b. Let k(f) = 5*v(f) + 4*z(f). Determine k(g).
9
Let v(i) = 3*i - 3*i - 2 - i. Suppose -19572*z + 19550*z - 44 = 0. Determine v(z).
0
Let i = 62 - 79. Suppose 8 = 5*y + 28. Let p be (i + 23)/((-6)/y). Let v(k) = k**3 - 4*k**2 + k + 1. Determine v(p).
5
Let m be (-1)/(4/16) - -7. Let c be (4 - 5)*-1*m. Let u(w) = -2 + c - 3 + w - 3*w. Calculate u(-3).
4
Let u(k) = -k**2 - 3*k - 1. Let a(t) = 4 - 4 + t**2 - 2. Let d = -48 + 48. Let i be a(d). What is u(i)?
1
Let t(m) = 16*m**2 - 6*m - 10. Let c(a) = -19*a**2 + 8*a + 11. Let n(p) = 5*c(p) + 6*t(p). Calculate n(3).
16
Let p(b) = -4*b**2 + 2*b + 11. Let q(l) = -3*l**2 + 3*l + 10. Let t(i) = 4*p(i) - 5*q(i). Suppose 7*k + 14 = 5*k. Give t(k).
-6
Let h(k) = -3*k**2 + 3*k. Let u be h(2). Let m(j) = -10 - 9 - j**3 - 7*j**2 - 3 - 8*j + 14. What is m(u)?
4
Let p(o) = -o**2 - o - 1. Let s(k) be the first derivative of k**3/3 - 5*k**2/2 - 5*k - 10. Let w(x) = 2*p(x) + s(x). Give w(-6).
-1
Suppose 3*f - 171 = 2*p - 19, 4*f + 8 = 0. Let w = -83 - p. Let y(t) = -t**2 - 6*t - 1. What is y(w)?
7
Let b(x) = -x**2 + 88*x - 1767. Let n be b(57). Let i(h) = -2*h**3 + h**2 - 5. Let q(r) = 3*r**3 - r**2 + 4. Let f(c) = 4*i(c) + 3*q(c). What is f(n)?
-8
Let s = 13 + -9. Let c(d) = -2*d + 159 - 86 - 70. Give c(s).
-5
Let v(y) be the second derivative of -y**3/2 + y**2 + 3*y. Suppose 5*u + 6 = 2*u. Let q = -1 + u. Give v(q).
11
Let d(j) = -j**2 + 2*j + 3. Let t be (-8)/(-6) + (-1)/3. Suppose 2*p - 16 = -2*z, -5*z + 4*p - 4 - t = 0. Give d(z).
0
Let o(w) = 1 - 45*w**2 + 46*w**2 - 1 - 8 + 6*w. Give o(-7).
-1
Let r(i) = -i**3 - i + 1. Let u(k) = 4*k**3 + 8*k**2 + 5*k - 16. Let b(s) = 5*r(s) + u(s). Suppose 4*n + 56 = 11*n. Calculate b(n).
-11
Let c(h) = 154*h + 154*h - 311*h - h**2 + 1. Give c(-2).
3
Suppose 0 = -2*o - l, 1 + 23 = 2*o - 5*l. Let b(h) = 7*h - 4. Let u(g) = 8*g - 5. Let d(s) = -7*b(s) + 6*u(s). Determine d(o).
-4
Let r = 228 + -223. Let x(j) = 2*j + 7. What is x(r)?
17
Let y(u) = -u**3 - 5*u**2 + 3*u + 2. Let q be y(-4). Let r = -21 - q. Suppose 4*x = 2*g + 12, 0 = 3*x - 8*x - r*g. Let m(v) = 8*v - 1. What is m(x)?
15
Let m(p) = 4*p**2 - 2*p**3 - 9*p - 2*p + 0*p**2 + 2 + 2*p**3 + p**3. Calculate m(-6).
-4
Let w(b) = 11*b**3 + 33*b**2 - 15*b + 10. Let p(t) = -5*t**3 - 16*t**2 + 7*t - 5. Let i(r) = -13*p(r) - 6*w(r). Calculate i(10).
-5
Let v(h) be the second derivative of -h**3/2 - 3*h**2 + 2*h. Suppose 12*r = 21 - 69. Calculate v(r).
6
Let t(c) = 4 + 8*c**2 + 4*c + 8*c + 0*c**2. Let b(o) be the third derivative of o**5/20 + o**4/6 + o**3/6 - 15*o**2. Let w(m) = -11*b(m) + 4*t(m). Give w(4).
5
Let o be 0 + -1 - -2 - -3. Let b be (11 - 3 - 5) + -1. Let j(v) = 0*v**2 - v**b + o*v + 28 - 22. What is j(6)?
-6
Let b be ((-3)/12)/(133/28 - 5). Let z(c) = -16*c + 13. What is z(b)?
-3
Suppose -6 = 2*q - 10. Let d(l) be the first derivative of -q*l + 1/3*l**3 + 2 + 1/2*l**2. Give d(-4).
10
Suppose 9 + 27 = 9*m. Let j(w) = -7*w**3 - 23*w**2 + 14*w - 5. Let n(l) = 3*l**3 + 11*l**2 - 7*l + 2. Let b(r) = m*j(r) + 9*n(r). Give b(6).
-8
Let a(g) = -g**3 + g**2 + 2*g + 3. Let q be a(0). Suppose 4*p + 3*c + q = 0, 1 = 4*p + 4*c + 9. Let r(z) = -z**2 + z - 4. What is r(p)?
-10
Let q(t) = 2*t - 3. 